{"id":207,"date":"2017-05-22T17:20:12","date_gmt":"2017-05-22T15:20:12","guid":{"rendered":"http:\/\/www.targetfun.it\/blog\/?page_id=207"},"modified":"2019-11-23T00:17:48","modified_gmt":"2019-11-22T23:17:48","slug":"poligoni","status":"publish","type":"page","link":"https:\/\/www.targetfun.it\/blog\/poligoni\/","title":{"rendered":"Poligoni"},"content":{"rendered":"\n<p>Dove andare a sparare? Inizialmente la scelta \u00e8\u00a0facile, basta iscriversi al poligono di tiro pi\u00f9 vicino a casa e almeno per i primi colpi saremo soddisfatti. Dopo non molto tempo tuttavia scopriremo nuove possibilit\u00e0, qualcuno ci far\u00e0 conoscere il tiro dinamico o l&#8217;action shooting\u00a0e scopriremo l&#8217;esistenza dei campi di tiro privati e delle varie associazioni. Scopriremo che \u00e8 possibile divertirsi molto condividendo esperienze con amici e appassionati, e alla fine ci porremo nuovamente la domanda: Dove andare a sparare? Questa volta per\u00f2 avremo un po&#8217; pi\u00f9 chiaro quello che vogliamo e con una bella lista alla mano sar\u00e0 tutto pi\u00f9 semplice.<\/p>\n<p>Pubblichiamo questa pagina per aiutare i tiratori a trovare la struttura pi\u00f9 adatta alle proprie esigenze, cercheremo di arricchire le informazioni per quanto possibile, segnalateci quindi eventuali inesattezze o integrazioni\u00a0sulla nostra pagina <a href=\"http:\/\/www.targetfun.it\/blog\/contatti\/\">contatti<\/a><\/p>\n<p>\u00a0<\/p>\n<table class=\" aligncenter\" style=\"height: 303px;\" width=\"344\">\n<tbody>\n<tr>\n<td style=\"text-align: center;\" width=\"168\"><strong><a href=\"http:\/\/www.targetfun.it\/blog\/poligoni\/abruzzo\/\">Abruzzo<\/a><\/strong><\/td>\n<td style=\"text-align: center;\" width=\"166\"><strong><a href=\"http:\/\/www.targetfun.it\/blog\/poligoni\/molise\/\">Molise<\/a><\/strong><\/td>\n<\/tr>\n<tr>\n<td style=\"text-align: center;\" width=\"168\"><strong><a href=\"http:\/\/www.targetfun.it\/blog\/poligoni\/basilicata\/\">Basilicata<\/a><\/strong><\/td>\n<td style=\"text-align: center;\" width=\"166\"><strong><a href=\"http:\/\/www.targetfun.it\/blog\/poligoni\/piemonte\/\">Piemonte<\/a><\/strong><\/td>\n<\/tr>\n<tr>\n<td style=\"text-align: center;\" width=\"168\"><strong><a href=\"http:\/\/www.targetfun.it\/blog\/poligoni\/calabria\/\">Calabria<\/a><\/strong><\/td>\n<td style=\"text-align: center;\" width=\"166\"><strong><a href=\"http:\/\/www.targetfun.it\/blog\/poligoni\/puglia\/\">Puglia<\/a><\/strong><\/td>\n<\/tr>\n<tr>\n<td style=\"text-align: center;\" width=\"168\"><strong><a href=\"http:\/\/www.targetfun.it\/blog\/poligoni\/campania\/\">Campania<\/a><\/strong><\/td>\n<td style=\"text-align: center;\" width=\"166\"><strong><a href=\"http:\/\/www.targetfun.it\/blog\/poligoni\/sardegna\/\">Sardegna<\/a><\/strong><\/td>\n<\/tr>\n<tr>\n<td style=\"text-align: center;\" width=\"168\"><strong><a href=\"http:\/\/www.targetfun.it\/blog\/poligoni\/emilia-romagna\/\">Emilia Romagna<\/a><\/strong><\/td>\n<td style=\"text-align: center;\" width=\"166\"><strong><a href=\"http:\/\/www.targetfun.it\/blog\/poligoni\/sicilia\/\">Sicilia<\/a><\/strong><\/td>\n<\/tr>\n<tr>\n<td style=\"text-align: center;\" width=\"168\"><strong><a href=\"http:\/\/www.targetfun.it\/blog\/poligoni\/friuli-venezia-giulia\/\">Friuli Venezia Giulia<\/a><\/strong><\/td>\n<td style=\"text-align: center;\" width=\"166\"><strong><a href=\"http:\/\/www.targetfun.it\/blog\/poligoni\/toscana\/\">Toscana<\/a><\/strong><\/td>\n<\/tr>\n<tr>\n<td style=\"text-align: center;\" width=\"168\"><strong><a href=\"http:\/\/www.targetfun.it\/blog\/poligoni\/lazio\/\">Lazio<\/a><\/strong><\/td>\n<td style=\"text-align: center;\" width=\"166\"><strong><a href=\"http:\/\/www.targetfun.it\/blog\/poligoni\/trentino-alto-adige\/\">Trentino Alto Adige<\/a><\/strong><\/td>\n<\/tr>\n<tr>\n<td style=\"text-align: center;\" width=\"168\"><strong><a href=\"http:\/\/www.targetfun.it\/blog\/poligoni\/liguria\/\">Liguria<\/a><\/strong><\/td>\n<td style=\"text-align: center;\" width=\"166\"><strong><a href=\"http:\/\/www.targetfun.it\/blog\/umbria\/\">Umbria<\/a><\/strong><\/td>\n<\/tr>\n<tr>\n<td style=\"text-align: center;\" width=\"168\"><strong><a href=\"http:\/\/www.targetfun.it\/blog\/poligoni\/lombardia\/\">Lombardia<\/a><\/strong><\/td>\n<td style=\"text-align: center;\" width=\"166\"><strong><a href=\"http:\/\/www.targetfun.it\/blog\/poligoni\/valle-daosta\/\">Valle D&#8217;Aosta<\/a><\/strong><\/td>\n<\/tr>\n<tr>\n<td style=\"text-align: center;\" width=\"168\"><strong><a href=\"http:\/\/www.targetfun.it\/blog\/poligoni\/marche\/\">Marche<\/a><\/strong><\/td>\n<td style=\"text-align: center;\" width=\"166\"><strong><a href=\"http:\/\/www.targetfun.it\/blog\/poligoni\/veneto\/\">Veneto<\/a><\/strong><\/td>\n<\/tr>\n<\/tbody>\n<\/table>\n<table class=\"wp-block-table\">\n<tbody>\n<tr>\n<td><iframe style=\"width:120px;height:240px;\" marginwidth=\"0\" marginheight=\"0\" scrolling=\"no\" frameborder=\"0\" src=\"\/\/rcm-eu.amazon-adsystem.com\/e\/cm?lt1=_blank&#038;bc1=000000&#038;IS2=1&#038;bg1=FFFFFF&#038;fc1=000000&#038;lc1=0000FF&#038;t=targetfun-21&#038;language=it_IT&#038;o=29&#038;p=8&#038;l=as4&#038;m=amazon&#038;f=ifr&#038;ref=as_ss_li_til&#038;asins=B076PQRHS3&#038;linkId=4f3922d80aa8fde2e5768c73141bfb4e\"><\/iframe><\/td>\n<td><iframe style=\"width:120px;height:240px;\" marginwidth=\"0\" marginheight=\"0\" scrolling=\"no\" frameborder=\"0\" src=\"\/\/rcm-eu.amazon-adsystem.com\/e\/cm?lt1=_blank&#038;bc1=000000&#038;IS2=1&#038;bg1=FFFFFF&#038;fc1=000000&#038;lc1=0000FF&#038;t=targetfun-21&#038;language=it_IT&#038;o=29&#038;p=8&#038;l=as4&#038;m=amazon&#038;f=ifr&#038;ref=as_ss_li_til&#038;asins=B07F8PJPX6&#038;linkId=0c5dbe17ca5bf3d399b473547a2170e0\"><\/iframe><\/td>\n<td><iframe style=\"width:120px;height:240px;\" marginwidth=\"0\" marginheight=\"0\" scrolling=\"no\" frameborder=\"0\" src=\"\/\/rcm-eu.amazon-adsystem.com\/e\/cm?lt1=_blank&#038;bc1=000000&#038;IS2=1&#038;bg1=FFFFFF&#038;fc1=000000&#038;lc1=0000FF&#038;t=targetfun-21&#038;language=it_IT&#038;o=29&#038;p=8&#038;l=as4&#038;m=amazon&#038;f=ifr&#038;ref=as_ss_li_til&#038;asins=B003ITEI0S&#038;linkId=be6af5558ff0672ea429939cea51276f\"><\/iframe><\/td>\n<td><iframe style=\"width:120px;height:240px;\" marginwidth=\"0\" marginheight=\"0\" scrolling=\"no\" frameborder=\"0\" src=\"\/\/rcm-eu.amazon-adsystem.com\/e\/cm?lt1=_blank&#038;bc1=000000&#038;IS2=1&#038;bg1=FFFFFF&#038;fc1=000000&#038;lc1=0000FF&#038;t=targetfun-21&#038;language=it_IT&#038;o=29&#038;p=8&#038;l=as4&#038;m=amazon&#038;f=ifr&#038;ref=as_ss_li_til&#038;asins=B07PG5VGWQ&#038;linkId=51a92f8a58ebc87431426fef3391fa03\"><\/iframe><\/td>\n<td><iframe style=\"width:120px;height:240px;\" marginwidth=\"0\" marginheight=\"0\" scrolling=\"no\" frameborder=\"0\" src=\"\/\/rcm-eu.amazon-adsystem.com\/e\/cm?lt1=_blank&#038;bc1=000000&#038;IS2=1&#038;bg1=FFFFFF&#038;fc1=000000&#038;lc1=0000FF&#038;t=targetfun-21&#038;language=it_IT&#038;o=29&#038;p=8&#038;l=as4&#038;m=amazon&#038;f=ifr&#038;ref=as_ss_li_til&#038;asins=B07J3M3KGW&#038;linkId=b5f06e3c9279c335fcad9a47d5f8b9a3\"><\/iframe><\/td>\n<\/tr><\/tbody><\/table>\n<p>In aggiunta all&#8217;elenco dei campi di tiro segue una serie di link utili ai siti delle principali organizzazioni e associazioni:<\/p>\n<p>\u00a0<\/p>\n<table class=\" aligncenter\" width=\"432\">\n<tbody>\n<tr>\n<td style=\"text-align: center;\" width=\"103\">\u00a0<a href=\"http:\/\/www.fitds.it\/\" target=\"_blank\" rel=\"noopener noreferrer\"><img loading=\"lazy\" decoding=\"async\" class=\"size-thumbnail wp-image-435 aligncenter\" src=\"http:\/\/www.targetfun.it\/blog\/wp-content\/uploads\/2017\/05\/fitds-150x150.jpg\" alt=\"\" width=\"150\" height=\"150\" \/><\/a><\/td>\n<td width=\"329\">\n<p style=\"text-align: center;\">FEDERAZIONE ITALIANA TIRO DINAMICO SPORTIVO<\/p>\n<\/td>\n<\/tr>\n<tr>\n<td><a href=\"http:\/\/www.idpaitaly.com\" target=\"_blank\" rel=\"noopener noreferrer\"><img loading=\"lazy\" decoding=\"async\" class=\"wp-image-437 aligncenter\" src=\"http:\/\/www.targetfun.it\/blog\/wp-content\/uploads\/2017\/05\/IDPA.png\" alt=\"\" width=\"158\" height=\"26\" srcset=\"https:\/\/www.targetfun.it\/blog\/wp-content\/uploads\/2017\/05\/IDPA.png 555w, https:\/\/www.targetfun.it\/blog\/wp-content\/uploads\/2017\/05\/IDPA-300x49.png 300w\" sizes=\"auto, (max-width: 158px) 100vw, 158px\" \/><\/a><\/td>\n<td style=\"text-align: center;\">INTERNATIONAL DEFENSIVE PISTOL ASSOCIATION<\/td>\n<\/tr>\n<tr>\n<td style=\"text-align: center;\">\u00a0<a href=\"http:\/\/www.uits.it\/\" target=\"_blank\" rel=\"noopener noreferrer\"><img loading=\"lazy\" decoding=\"async\" class=\"alignnone size-full wp-image-438\" src=\"http:\/\/www.targetfun.it\/blog\/wp-content\/uploads\/2017\/05\/UITS.png\" alt=\"\" width=\"98\" height=\"92\" \/><\/a><\/td>\n<td>\n<p style=\"text-align: center;\">\u00a0UNIONE ITALIANA TIRO A SEGNO<\/p>\n<\/td>\n<\/tr>\n<tr>\n<td style=\"text-align: center;\">\u00a0<a href=\"http:\/\/www.iasa-italia.it\/\" target=\"_blank\" rel=\"noopener noreferrer\"><img loading=\"lazy\" decoding=\"async\" class=\"alignnone size-thumbnail wp-image-439\" src=\"http:\/\/www.targetfun.it\/blog\/wp-content\/uploads\/2017\/05\/Iasa-150x150.jpg\" alt=\"\" width=\"150\" height=\"150\" srcset=\"https:\/\/www.targetfun.it\/blog\/wp-content\/uploads\/2017\/05\/Iasa-150x150.jpg 150w, https:\/\/www.targetfun.it\/blog\/wp-content\/uploads\/2017\/05\/Iasa.jpg 225w\" sizes=\"auto, (max-width: 150px) 100vw, 150px\" \/><\/a><\/td>\n<td>\n<p style=\"text-align: center;\">\u00a0INTERNATIONAL ACTION SHOOTING ASSOCIATION<\/p>\n<\/td>\n<\/tr>\n<\/tbody>\n<\/table>\n","protected":false},"excerpt":{"rendered":"<p>Dove andare a sparare? Inizialmente la scelta \u00e8\u00a0facile, basta iscriversi al poligono di tiro pi\u00f9 vicino a casa e almeno per i primi colpi saremo soddisfatti. Dopo non molto tempo tuttavia scopriremo nuove possibilit\u00e0, qualcuno ci far\u00e0 conoscere il tiro&#8230;<\/p>\n","protected":false},"author":1,"featured_media":0,"parent":0,"menu_order":0,"comment_status":"closed","ping_status":"closed","template":"","meta":{"inline_featured_image":false,"footnotes":""},"class_list":["post-207","page","type-page","status-publish","hentry","no-post-thumbnail"],"yoast_head":"<!-- This site is optimized with the Yoast SEO plugin v26.1.1 - https:\/\/yoast.com\/wordpress\/plugins\/seo\/ -->\n<title>Elenco campi e poligoni di tiro Italiani - Targetfun<\/title>\n<meta name=\"description\" content=\"Elenco dei poligoni di tiro Italiani, l&#039;elenco comprende la lista dei TSN, delle cave e delle strutture presso le quali \u00e8 possibile usare le proprie armi.\" \/>\n<meta name=\"robots\" content=\"index, follow, max-snippet:-1, max-image-preview:large, max-video-preview:-1\" \/>\n<link rel=\"canonical\" href=\"https:\/\/www.targetfun.it\/blog\/poligoni\/\" \/>\n<meta property=\"og:locale\" content=\"it_IT\" \/>\n<meta property=\"og:type\" content=\"article\" \/>\n<meta property=\"og:title\" content=\"Elenco campi e poligoni di tiro Italiani - Targetfun\" \/>\n<meta property=\"og:description\" content=\"Elenco dei poligoni di tiro Italiani, l&#039;elenco comprende la lista dei TSN, delle cave e delle strutture presso le quali \u00e8 possibile usare le proprie armi.\" \/>\n<meta property=\"og:url\" content=\"https:\/\/www.targetfun.it\/blog\/poligoni\/\" \/>\n<meta property=\"og:site_name\" content=\"Targetfun\" \/>\n<meta property=\"article:modified_time\" content=\"2019-11-22T23:17:48+00:00\" \/>\n<meta property=\"og:image\" content=\"https:\/\/www.targetfun.it\/blog\/wp-content\/uploads\/2017\/05\/fitds.jpg\" \/>\n\t<meta property=\"og:image:width\" content=\"299\" \/>\n\t<meta property=\"og:image:height\" content=\"169\" \/>\n\t<meta property=\"og:image:type\" content=\"image\/jpeg\" \/>\n<meta name=\"twitter:card\" content=\"summary_large_image\" \/>\n<meta name=\"twitter:label1\" content=\"Tempo di lettura stimato\" \/>\n\t<meta name=\"twitter:data1\" content=\"1 minuto\" \/>\n<script type=\"application\/ld+json\" class=\"yoast-schema-graph\">{\"@context\":\"https:\/\/schema.org\",\"@graph\":[{\"@type\":\"WebPage\",\"@id\":\"https:\/\/www.targetfun.it\/blog\/poligoni\/\",\"url\":\"https:\/\/www.targetfun.it\/blog\/poligoni\/\",\"name\":\"Elenco campi e poligoni di tiro Italiani - Targetfun\",\"isPartOf\":{\"@id\":\"https:\/\/www.targetfun.it\/blog\/#website\"},\"primaryImageOfPage\":{\"@id\":\"https:\/\/www.targetfun.it\/blog\/poligoni\/#primaryimage\"},\"image\":{\"@id\":\"https:\/\/www.targetfun.it\/blog\/poligoni\/#primaryimage\"},\"thumbnailUrl\":\"http:\/\/www.targetfun.it\/blog\/wp-content\/uploads\/2017\/05\/fitds-150x150.jpg\",\"datePublished\":\"2017-05-22T15:20:12+00:00\",\"dateModified\":\"2019-11-22T23:17:48+00:00\",\"description\":\"Elenco dei poligoni di tiro Italiani, l'elenco comprende la lista dei TSN, delle cave e delle strutture presso le quali \u00e8 possibile usare le proprie armi.\",\"breadcrumb\":{\"@id\":\"https:\/\/www.targetfun.it\/blog\/poligoni\/#breadcrumb\"},\"inLanguage\":\"it-IT\",\"potentialAction\":[{\"@type\":\"ReadAction\",\"target\":[\"https:\/\/www.targetfun.it\/blog\/poligoni\/\"]}]},{\"@type\":\"ImageObject\",\"inLanguage\":\"it-IT\",\"@id\":\"https:\/\/www.targetfun.it\/blog\/poligoni\/#primaryimage\",\"url\":\"http:\/\/www.targetfun.it\/blog\/wp-content\/uploads\/2017\/05\/fitds-150x150.jpg\",\"contentUrl\":\"http:\/\/www.targetfun.it\/blog\/wp-content\/uploads\/2017\/05\/fitds-150x150.jpg\"},{\"@type\":\"BreadcrumbList\",\"@id\":\"https:\/\/www.targetfun.it\/blog\/poligoni\/#breadcrumb\",\"itemListElement\":[{\"@type\":\"ListItem\",\"position\":1,\"name\":\"Home\",\"item\":\"https:\/\/www.targetfun.it\/blog\/\"},{\"@type\":\"ListItem\",\"position\":2,\"name\":\"Poligoni\"}]},{\"@type\":\"WebSite\",\"@id\":\"https:\/\/www.targetfun.it\/blog\/#website\",\"url\":\"https:\/\/www.targetfun.it\/blog\/\",\"name\":\"Targetfun\",\"description\":\"Funny shooting and reloading\",\"publisher\":{\"@id\":\"https:\/\/www.targetfun.it\/blog\/#organization\"},\"potentialAction\":[{\"@type\":\"SearchAction\",\"target\":{\"@type\":\"EntryPoint\",\"urlTemplate\":\"https:\/\/www.targetfun.it\/blog\/?s={search_term_string}\"},\"query-input\":{\"@type\":\"PropertyValueSpecification\",\"valueRequired\":true,\"valueName\":\"search_term_string\"}}],\"inLanguage\":\"it-IT\"},{\"@type\":\"Organization\",\"@id\":\"https:\/\/www.targetfun.it\/blog\/#organization\",\"name\":\"Targetfun.it\",\"url\":\"https:\/\/www.targetfun.it\/blog\/\",\"logo\":{\"@type\":\"ImageObject\",\"inLanguage\":\"it-IT\",\"@id\":\"https:\/\/www.targetfun.it\/blog\/#\/schema\/logo\/image\/\",\"url\":\"https:\/\/www.targetfun.it\/blog\/wp-content\/uploads\/2017\/05\/cropped-Logo.gif\",\"contentUrl\":\"https:\/\/www.targetfun.it\/blog\/wp-content\/uploads\/2017\/05\/cropped-Logo.gif\",\"width\":562,\"height\":180,\"caption\":\"Targetfun.it\"},\"image\":{\"@id\":\"https:\/\/www.targetfun.it\/blog\/#\/schema\/logo\/image\/\"},\"sameAs\":[\"https:\/\/www.youtube.com\/channel\/UCpI5ElP7C4pIJMZ5Zn3SY4w\"]}]}<\/script>\n<!-- \/ Yoast SEO plugin. -->","yoast_head_json":{"title":"Elenco campi e poligoni di tiro Italiani - Targetfun","description":"Elenco dei poligoni di tiro Italiani, l'elenco comprende la lista dei TSN, delle cave e delle strutture presso le quali \u00e8 possibile usare le proprie armi.","robots":{"index":"index","follow":"follow","max-snippet":"max-snippet:-1","max-image-preview":"max-image-preview:large","max-video-preview":"max-video-preview:-1"},"canonical":"https:\/\/www.targetfun.it\/blog\/poligoni\/","og_locale":"it_IT","og_type":"article","og_title":"Elenco campi e poligoni di tiro Italiani - Targetfun","og_description":"Elenco dei poligoni di tiro Italiani, l'elenco comprende la lista dei TSN, delle cave e delle strutture presso le quali \u00e8 possibile usare le proprie armi.","og_url":"https:\/\/www.targetfun.it\/blog\/poligoni\/","og_site_name":"Targetfun","article_modified_time":"2019-11-22T23:17:48+00:00","og_image":[{"width":299,"height":169,"url":"https:\/\/www.targetfun.it\/blog\/wp-content\/uploads\/2017\/05\/fitds.jpg","type":"image\/jpeg"}],"twitter_card":"summary_large_image","twitter_misc":{"Tempo di lettura stimato":"1 minuto"},"schema":{"@context":"https:\/\/schema.org","@graph":[{"@type":"WebPage","@id":"https:\/\/www.targetfun.it\/blog\/poligoni\/","url":"https:\/\/www.targetfun.it\/blog\/poligoni\/","name":"Elenco campi e poligoni di tiro Italiani - Targetfun","isPartOf":{"@id":"https:\/\/www.targetfun.it\/blog\/#website"},"primaryImageOfPage":{"@id":"https:\/\/www.targetfun.it\/blog\/poligoni\/#primaryimage"},"image":{"@id":"https:\/\/www.targetfun.it\/blog\/poligoni\/#primaryimage"},"thumbnailUrl":"http:\/\/www.targetfun.it\/blog\/wp-content\/uploads\/2017\/05\/fitds-150x150.jpg","datePublished":"2017-05-22T15:20:12+00:00","dateModified":"2019-11-22T23:17:48+00:00","description":"Elenco dei poligoni di tiro Italiani, l'elenco comprende la lista dei TSN, delle cave e delle strutture presso le quali \u00e8 possibile usare le proprie armi.","breadcrumb":{"@id":"https:\/\/www.targetfun.it\/blog\/poligoni\/#breadcrumb"},"inLanguage":"it-IT","potentialAction":[{"@type":"ReadAction","target":["https:\/\/www.targetfun.it\/blog\/poligoni\/"]}]},{"@type":"ImageObject","inLanguage":"it-IT","@id":"https:\/\/www.targetfun.it\/blog\/poligoni\/#primaryimage","url":"http:\/\/www.targetfun.it\/blog\/wp-content\/uploads\/2017\/05\/fitds-150x150.jpg","contentUrl":"http:\/\/www.targetfun.it\/blog\/wp-content\/uploads\/2017\/05\/fitds-150x150.jpg"},{"@type":"BreadcrumbList","@id":"https:\/\/www.targetfun.it\/blog\/poligoni\/#breadcrumb","itemListElement":[{"@type":"ListItem","position":1,"name":"Home","item":"https:\/\/www.targetfun.it\/blog\/"},{"@type":"ListItem","position":2,"name":"Poligoni"}]},{"@type":"WebSite","@id":"https:\/\/www.targetfun.it\/blog\/#website","url":"https:\/\/www.targetfun.it\/blog\/","name":"Targetfun","description":"Funny shooting and reloading","publisher":{"@id":"https:\/\/www.targetfun.it\/blog\/#organization"},"potentialAction":[{"@type":"SearchAction","target":{"@type":"EntryPoint","urlTemplate":"https:\/\/www.targetfun.it\/blog\/?s={search_term_string}"},"query-input":{"@type":"PropertyValueSpecification","valueRequired":true,"valueName":"search_term_string"}}],"inLanguage":"it-IT"},{"@type":"Organization","@id":"https:\/\/www.targetfun.it\/blog\/#organization","name":"Targetfun.it","url":"https:\/\/www.targetfun.it\/blog\/","logo":{"@type":"ImageObject","inLanguage":"it-IT","@id":"https:\/\/www.targetfun.it\/blog\/#\/schema\/logo\/image\/","url":"https:\/\/www.targetfun.it\/blog\/wp-content\/uploads\/2017\/05\/cropped-Logo.gif","contentUrl":"https:\/\/www.targetfun.it\/blog\/wp-content\/uploads\/2017\/05\/cropped-Logo.gif","width":562,"height":180,"caption":"Targetfun.it"},"image":{"@id":"https:\/\/www.targetfun.it\/blog\/#\/schema\/logo\/image\/"},"sameAs":["https:\/\/www.youtube.com\/channel\/UCpI5ElP7C4pIJMZ5Zn3SY4w"]}]}},"_links":{"self":[{"href":"https:\/\/www.targetfun.it\/blog\/wp-json\/wp\/v2\/pages\/207","targetHints":{"allow":["GET"]}}],"collection":[{"href":"https:\/\/www.targetfun.it\/blog\/wp-json\/wp\/v2\/pages"}],"about":[{"href":"https:\/\/www.targetfun.it\/blog\/wp-json\/wp\/v2\/types\/page"}],"author":[{"embeddable":true,"href":"https:\/\/www.targetfun.it\/blog\/wp-json\/wp\/v2\/users\/1"}],"replies":[{"embeddable":true,"href":"https:\/\/www.targetfun.it\/blog\/wp-json\/wp\/v2\/comments?post=207"}],"version-history":[{"count":38,"href":"https:\/\/www.targetfun.it\/blog\/wp-json\/wp\/v2\/pages\/207\/revisions"}],"predecessor-version":[{"id":2187,"href":"https:\/\/www.targetfun.it\/blog\/wp-json\/wp\/v2\/pages\/207\/revisions\/2187"}],"wp:attachment":[{"href":"https:\/\/www.targetfun.it\/blog\/wp-json\/wp\/v2\/media?parent=207"}],"curies":[{"name":"wp","href":"https:\/\/api.w.org\/{rel}","templated":true}]}}